is the remainder when 126 is divided by 6/(((-3)/(-12))/((-11)/(-8)))?
27
Let l = 1883 + -1447. What is the remainder when l is divided by 23?
22
Let j(q) = 6*q**2 - 5*q + 5. Let g be j(4). Let m be (4/6)/(6/g). Let h = m - -5. What is the remainder when 26 is divided by h?
12
Let m(i) = 22*i**2 - 3*i + 3. Let s = 233 - 124. Calculate the remainder when s is divided by m(1).
21
Let j be 3 + (424/4)/(-1). Let v = -40 - j. What is the remainder when v is divided by 16?
15
Suppose -6*f - 310 = -10*f - 2*z, f + 3*z = 65. Calculate the remainder when f is divided by (35/(-10))/((-2)/12).
17
Let k be (-2)/3 + 56/12. Suppose -4*v = -k*u - 32, v - 3*v + u + 11 = 0. Suppose -208 - 5 = -v*g. What is the remainder when g is divided by 18?
17
Let n be (-2)/(10 + (-1024)/104). Let x(s) = -45*s - 45. Let o(i) = 5*i + 5. Let t(z) = 35*o(z) + 4*x(z). What is the remainder when t(n) is divided by 21?
18
Let b = 405 - -50. Calculate the remainder when b is divided by 76.
75
Suppose 4*j - 70 = -5*w, -3*j + 56 = 2*w + 2*w. Let z be 4/w + (-2324)/(-98). What is the remainder when 52 is divided by 3/((-68)/z + 3)?
16
Suppose -2*y = -b + 378, 0*y = -b - 3*y + 373. Calculate the remainder when b is divided by 129.
118
Let u(a) = -4 - 6 + a - 3 + 5. What is the remainder when 10 is divided by u(12)?
2
Suppose 2*f = 0, 3*f = -5*d + 2*f + 130. Calculate the remainder when 123*((-2)/(-8) - d/(-24)) is divided by 33.
32
Let j(y) = 23*y - 2. Let g be j(2). Let u = -12 + g. Calculate the remainder when u is divided by (-104)/(-65) - 54/(-10).
4
Suppose 2*p + 2*p - 20 = 0. Suppose p*z = 3*x - 13, 2*x - 3*z = -2*x + 10. Calculate the remainder when 2 is divided by x.
0
Suppose 2*q = 0, -430 = -5*x + 4*q + 125. What is the remainder when x is divided by 43?
25
Let j = 5 - 3. Let i(v) = 5*v - 29. Let w be i(7). Suppose 3*a - 3*r = -w*r + 9, 5*r - 3 = -a. What is the remainder when a is divided by j?
1
Suppose 317*g - 216 = 315*g. Calculate the remainder when g is divided by 24.
12
Let r(u) = 5*u - 25. Let h be r(5). Suppose 14*y - 17*y + 99 = h. Calculate the remainder when y is divided by 21.
12
Suppose 17*f = 9*f + 72. Calculate the remainder when 37 is divided by f.
1
Suppose -2*f - 4*a = -208, 3*f - 3*a - 288 = -a. Let z = 179 - f. Calculate the remainder when z is divided by 21.
18
Suppose -2*r = 4*u - 56, r - 3 = -u + 11. What is the remainder when (2 - -2)*u + 2 is divided by 6/(-14) - 6864/(-336)?
18
Let q = 674 + -617. Calculate the remainder when 78 is divided by q.
21
Let d = 26 + 8. Suppose d = -2*p - 8. Let c = 47 + p. Calculate the remainder when 76 is divided by c.
24
Let s = -697 + 703. Let r(a) = -8*a - 2. What is the remainder when r(-2) is divided by s?
2
Let o(i) be the third derivative of i**6/120 - i**5/6 - 3*i**4/8 - 7*i**3/3 + 44*i**2. What is the remainder when o(11) is divided by 4?
0
Let a = -875 - -878. Calculate the remainder when 11 is divided by a.
2
Let r(s) = -10*s + 5. Let b be r(-3). Suppose -b = -6*t + 49. What is the remainder when 55 is divided by t?
13
Calculate the remainder when 84 - ((-7)/35)/(4/(-5))*8 is divided by 0/(0 - -1) + 14.
12
Suppose q = -p + 26, 2*p + p = 2*q + 73. Let k = -9 + p. What is the remainder when 31 is divided by k?
15
Let m(f) = 55*f - 10. Calculate the remainder when m(5) is divided by 67.
64
Suppose -2*s + 22 + 2 = -2*k, 0 = -3*k - 6. Let g(m) = 8*m**2 - 3. Calculate the remainder when g(3) is divided by s.
9
Let g(h) = 55*h + 2. Let c be g(3). Let t = c + -157. What is the remainder when 48 is divided by t?
8
Suppose 0 = -131*v + 26*v + 1470. Let j = 8 - 12. Let s(y) = 2*y**2 - y + 3. What is the remainder when s(j) is divided by v?
11
Suppose -z = 2*a + 6, -4*z + 6 = -2*z - 2*a. Suppose z*t - 45 = -5*t. What is the remainder when ((-8)/12)/((-4)/156) is divided by t?
8
Let b(l) = 2*l**2 - 23*l - 3. Calculate the remainder when 63 is divided by b(12).
0
Suppose 0*r - 3*k + 123 = 3*r, r + 5*k - 25 = 0. Calculate the remainder when r is divided by 1.
0
Let p = -29 - -29. Suppose p = 5*x + 33 - 108. Suppose 4*b = 32 + 4. What is the remainder when x is divided by b?
6
Let o be 66/(-10) - 4/10. Suppose 16*a - 48 = 64. What is the remainder when 75 is divided by (o/(-2))/a*26?
10
Suppose 26*v + 7*v - 1518 = 0. Calculate the remainder when 149 is divided by v.
11
Let f = -42 + 115. Suppose 7 = 2*g - f. Calculate the remainder when 159 is divided by g.
39
Suppose 0 = -11*h + 10*h + 10. Let o = 110 - 73. Calculate the remainder when o is divided by h.
7
Let t = -25 - -30. Suppose -t*o + 12 = -o. What is the remainder when 7 is divided by o?
1
Suppose -4*h + 8 + 2 = a, -5*a - 10 = 0. Suppose 357 = 4*x + h*x. What is the remainder when x is divided by 27?
24
Let q = -64 - -95. Calculate the remainder when q is divided by 21.
10
Let r be 27/(-12) - (-1)/4. Let i = r + 12. Suppose 0 = -4*o + y + 73 - i, -5*y = 3*o - 76. What is the remainder when 31 is divided by o?
14
Let b(y) = 2*y**2 + 4*y - 1. Let c be b(-3). Let r(h) = -h**2 - 4*h + 2. Let f be r(-4). What is the remainder when 9 is divided by f - 0 - (-10)/c?
1
Suppose 5*k + 16 = 2*j, 4*j - 6 = -k - 2*k. Suppose -5*u - 25 = 0, u - j*u = s + 2. Calculate the remainder when 20 is divided by s.
4
Suppose 4*q - 1598 = -526. What is the remainder when q is divided by 119?
30
Let y = -2069 + 3646. What is the remainder when 100 is divided by y/95 + (-2)/(-5)?
15
Suppose -6*i = -8*i - 16. Let r(f) = -13*f - 10. What is the remainder when r(i) is divided by 32?
30
Suppose 0 = -4*h - 5*m + 1, m + 0 + 7 = h. Calculate the remainder when -4*10/(-1 - h) is divided by 3.
2
Suppose -4*g = 5*y - 365, 0 = g - 3*y + 2*y - 80. What is the remainder when 276 is divided by g?
21
Suppose -4*f = -2*f + 3*g + 73, f = -4*g - 39. Let a = 54 + f. What is the remainder when (220/(-16))/((-1)/4) is divided by a?
17
Suppose 3*d - 57 = 3*c, -c + 6 - 2 = 0. Suppose 0 = 2*m - 8, 2*a - 4*a = -5*m + 14. What is the remainder when d is divided by a?
2
Suppose -53*v + 47*v + 66 = 0. Suppose 0*x = -x - 2, 0 = -3*l - 4*x + 118. What is the remainder when l is divided by v?
9
Let m(n) = -1429*n + 8657. Suppose 0*h + 2*h = 8, -48 = -2*f - 3*h. Let l = 3 + f. What is the remainder when m(6) is divided by l?
20
Suppose 5*k - 125 = -5*b, -k - 3 = 2. What is the remainder when 449 is divided by b?
29
Let m(x) = -x. Suppose 12 = -2*z - 2*g, 0 = -3*z + 3*g - 9 - 9. Let p be m(z). Suppose p*d = 3*d + 87. What is the remainder when 84 is divided by d?
26
Let q be (-3 - 190/(-25))*5. Suppose -25*f + 24*f = -q. What is the remainder when 89 is divided by f?
20
Let y(m) = m**3 - 5*m**2 - 5*m - 2. Let c be y(6). Let h be (-1)/(c + -1 - 4). What is the remainder when 7 is divided by ((-3)/(-4))/(h/4)?
1
Let f = -45 + 14. Let o = f + 52. What is the remainder when o is divided by 11?
10
Suppose -z = -7*r + 3*r - 61, z - 85 = -2*r. What is the remainder when z is divided by (-3)/12 - 53/(-4)?
12
Suppose 0 = 3*h - f - 32, -h + 24 = 2*f + f. Let c be -38*(-2)/h*-3. Let v = c + 39. Calculate the remainder when 77 is divided by v.
17
Let m(b) = 29*b - 3. Let k be m(-4). Let i = k - -168. What is the remainder when i is divided by 17?
15
Suppose 2*l = 2, -2*v - v - 2*l + 35 = 0. Let p = -20 + 36. Suppose y - 16 - p = 0. Calculate the remainder when y is divided by v.
10
Suppose -4*f - 20 = f + 4*n, -3*f - 15 = 3*n. Suppose -3*v + 2 - 11 = f. Calculate the remainder when (v/6)/(2/(-412)) is divided by 26.
25
Calculate the remainder when 131 is divided by (6 + (3 - 15))*22/(-6).
21
Suppose 2*c + 2*c - 144 = 0. Let o(k) = -k**3 - 8*k**2 + 9*k + 6. Let g be o(-9). Suppose -3*i + g = -33. Calculate the remainder when c is divided by i.
10
Let q(f) = -f - 4. Let o be q(-15). Let d = 29 - o. Calculate the remainder when 33 is divided by d.
15
Let w be (-2)/2 - (-2 + 1). Let v(d) = d + 14. Suppose -5*x - 34 = -o, -5*x = 13*o - 9*o - 161. Calculate the remainder when o is divided by v(w).
11
Let t be (-22)/3 - 2/(-6). Let o(u) = u**3 + 7*u**2 + u + 3. Let n be o(t). Let i = 14 + n. What is the remainder when 39 is divided by i?
9
Let i = 355 - 682. Suppose 17 + 23 = 2*y. Calculate the remainder when (-2 - i/(-12))/(3/(-8)) is divided by y.
18
Suppose -8*a + 209 = -591. What is the remainder when a is divided by 63?
37
Suppose -3